. Let a be (-4 - (-120)/3) + 2*-2. Calculate the highest common factor of b and a.
16
Let q = 525 - 360. Calculate the greatest common factor of q and 15.
15
Suppose -3*i + i = -684. Calculate the highest common divisor of i and 38.
38
Suppose 5 = -14*v + 19. Calculate the highest common factor of 1 and v.
1
Let z = 312 + -60. Suppose -s - z = -5*s. Suppose 206 - 80 = 3*a. What is the greatest common divisor of s and a?
21
Let q = 95 - 53. What is the greatest common divisor of 28 and q?
14
Let y be (-13)/2*(-126)/9. What is the highest common divisor of 13 and y?
13
Let y = 635 - 348. What is the highest common factor of y and 41?
41
Suppose 5*l - 2*l + 9 = 0, 2*z - 169 = 3*l. What is the highest common divisor of z and 16?
16
Let s be 23/(-2)*(1 + 1). Let b be (-3 - s) + (5 - 3). What is the highest common divisor of 11 and b?
11
Let u be 438/27 + (-4)/18. Let q = 34 + -10. What is the greatest common divisor of q and u?
8
Let k(q) = -q**3 + 18*q**2 + 20*q + 19. Let j be k(19). Calculate the highest common divisor of j and 342.
38
Let m be (8/1)/(-2)*-6. What is the highest common divisor of m and 3?
3
Let f = -57 + 90. Let i be 1*(1 + 2*1). Calculate the highest common divisor of i and f.
3
Let a(k) = -2*k**3 + 2*k**2 - 2*k - 1. Let l be a(-3). Let p = 28 + -17. Calculate the greatest common divisor of l and p.
11
Let t be 1 + 46 - 9/(-9). Suppose 0 = -d + 3. Suppose r - 2*s + d*s = 16, -5*s = 0. What is the greatest common factor of r and t?
16
Suppose 3*v = 42 - 9. Suppose 0 = -9*k + v*k - 50. Calculate the highest common factor of 50 and k.
25
Let l = 27 - 15. Let j = 18 - l. What is the highest common factor of 54 and j?
6
Suppose 7*i + 0*i - 147 = 0. What is the highest common divisor of 7 and i?
7
Suppose 2*k - 86 = -6. What is the greatest common divisor of k and 100?
20
Let h(y) = 67*y**3 + y**2 - 3*y + 1. Let m be h(1). Let q = -8 + 14. What is the highest common factor of q and m?
6
Suppose 7*w = 92 + 118. Let a be (1/(-2))/((-2)/60). Calculate the greatest common divisor of a and w.
15
Suppose 0*k = -4*k + 628. Let u = -85 + k. What is the highest common divisor of 9 and u?
9
Suppose -2*q + 2*t + 3*t = 20, -4*q = -3*t + 12. Let d = q + 8. What is the greatest common divisor of d and 88?
8
Suppose -w - 1 = -2*w. Let n be 16 - (-1 - w - -2). What is the highest common divisor of 24 and n?
8
Let r be (-6)/3 - (-22 + 1). Suppose -n + 4*b + b = -r, 2*n = -2*b + 86. Calculate the greatest common factor of n and 26.
13
Let v = -6 - -11. Let g be ((-48)/10)/((-1)/v). Let r(z) = -5*z - 3. Let o be r(-3). What is the highest common factor of g and o?
12
Let b = -25 + 29. Calculate the highest common divisor of b and 2.
2
Suppose -5*k + 24 = 4*l - 3*k, 0 = -4*k + 8. Suppose 5*u + 19 = 2*y - 8, 0 = u + l*y. Let g = u + 22. What is the highest common factor of 153 and g?
17
Let v be (11/2)/((-3)/(-6)). Suppose 2*j - 5 = v. Let w = 94 - 54. What is the highest common divisor of j and w?
8
Let f = 51 - 84. Let n = -20 - f. Calculate the highest common factor of 13 and n.
13
Let c(n) = 4*n + 72. Let r be c(-13). What is the highest common factor of r and 4?
4
Let x(u) = -u**2 + 24*u - 41. Let q be x(19). What is the highest common factor of q and 6?
6
Let g be (-7)/(-2) + 2/4. Suppose -2*f - u = -6, -2*f + u + 3*u - g = 0. Let v be 82/7 + f/7. Calculate the greatest common divisor of 3 and v.
3
Let w be (-12)/(1/(-6)*2). Let d be 54 - (1 + (-4 - -3)). Calculate the highest common factor of w and d.
18
Let t(j) = -21*j - 7. Let g be t(-2). Calculate the highest common divisor of g and 70.
35
Let m be (9 - 6)*5/3. Suppose -m*h + 2*t = -3*t - 85, 0 = 5*h + 5*t - 35. Let f(x) = x + 60. Let n be f(0). Calculate the highest common divisor of n and h.
12
Suppose 6*y - 18 = 3*y. Calculate the highest common factor of 48 and y.
6
Suppose -5*n + 2*n - 12 = -a, 5*a + 4*n = 60. Calculate the highest common divisor of a and 96.
12
Let b(k) = k**3 + 6*k**2 - k - 4. Let v be b(-6). Suppose -4*q = -2*w - 40, -3 - 21 = -4*q - 2*w. Calculate the highest common factor of v and q.
2
Let k = 153 - 152. What is the highest common divisor of 1 and k?
1
Let t(p) = 3*p**2 - 2*p + 1. Let b be t(1). Calculate the greatest common divisor of 10 and b.
2
Suppose 5*v = 55 + 1825. Suppose 2*p + 5*q - v = -17, 3 = 3*q. Suppose -3*j + 119 = -5*m, 2*j = -2*j + 3*m + p. What is the greatest common divisor of 32 and j?
16
Let l(o) = o**2 - 10*o + 3. Let v be (-84)/(-8) + (-3)/6. Let u be l(v). What is the greatest common divisor of 1 and u?
1
Let q = -20 + 60. Let z(c) = 0 + 2*c + c**3 + 7*c**2 - 3*c - 2. Let w be z(-7). What is the highest common factor of q and w?
5
Let u be ((-17)/(-34))/(1/84). What is the highest common divisor of u and 6?
6
Let x(z) = -2*z - 1. Let f be x(-2). Let m(n) = -7*n + 3 - 2 - 6 - 4. Let d be m(-6). What is the greatest common factor of d and f?
3
Suppose 3*u - m = 26, 0 = -4*u + m - 6*m + 22. Calculate the greatest common factor of 24 and u.
8
Let g = -11 - -26. Let r be (-4)/4*-168 - 3. What is the highest common divisor of g and r?
15
Let z(x) = 10*x**2 + 5. Let a be z(2). What is the greatest common factor of a and 30?
15
Suppose 0*l + 3*l = -36. Let u be (-9)/l*(13 + -1). Suppose 3*r - 30 = j, 5*r - 21 = -4*j + 12. Calculate the greatest common divisor of r and u.
9
Let q be 1*105 - 3 - 2. Calculate the greatest common divisor of 20 and q.
20
Let j = 42 + 6. What is the highest common divisor of j and 36?
12
Let h(d) = -d**3 + 32*d**2 + 69*d + 38. Let n be h(34). What is the highest common divisor of n and 27?
9
Let u(v) = -v**3 + 11*v**2 - v + 13. Let i = 17 + -6. Let z be u(i). What is the greatest common divisor of 16 and z?
2
Suppose 96*g - 100*g + 252 = 0. Let u = 21 - 14. Calculate the highest common factor of g and u.
7
Suppose 4*m - 78 + 22 = 0. Let p = m - 8. What is the greatest common factor of 54 and p?
6
Suppose 6*x - 30 = 4*x. Calculate the greatest common factor of 135 and x.
15
Let g be ((-12)/(-20))/((-2)/(-30)). Let w(s) = -s**3 + 16*s**2 + 6*s - 15. Let a be w(16). What is the greatest common divisor of g and a?
9
Let t be ((-4)/5)/(3/(-45)). Let z be (-167)/(-2) - (-6)/t. Calculate the highest common factor of z and 12.
12
Let a(y) = y**3 + 2*y**2 - 4*y. Let f be a(-3). Suppose -f*l = -4 - 20. Suppose 0*t + 4*u + 30 = 5*t, -20 = 4*u. What is the greatest common factor of l and t?
2
Let o be (46 - -4) + (-2 - -5). Suppose -2 + o = 3*x. Calculate the greatest common factor of 17 and x.
17
Suppose 0 = -4*x + 2*x + 3*w + 7, 4*w - 31 = -x. Calculate the greatest common factor of 187 and x.
11
Suppose 3*z - 48 = -4*r, -3*z - 16 = 3*r - 55. Suppose -81 = -g + 4*c, 0 = 2*g - 0*g - 5*c - 162. Calculate the greatest common factor of r and g.
9
Let h be 8*(-4)/16*3. Let c = h - -51. Let s be (4/(-12))/((-1)/15). What is the highest common factor of s and c?
5
Suppose 156 = 2*s + 2*s. Suppose 0 = -2*d - 10, l + l = -5*d - s. Let y = 4 - l. What is the greatest common factor of 121 and y?
11
Suppose 0 = 6*t - 25 - 41. Suppose 2*j = 58 + 8. What is the highest common factor of t and j?
11
Let g be (35/(-20))/(3/(-36)). What is the highest common factor of 14 and g?
7
Let d(p) = -4*p - 46. Let z be d(-16). Calculate the highest common factor of z and 63.
9
Let f(s) = s**3 - 26*s**2 + 34*s - 45. Let r be f(25). What is the highest common divisor of r and 20?
20
Let w = 10 - 11. Let x(g) = -257*g - 1. Let l be x(w). Suppose 4*r + 0*r - l = 0. Calculate the greatest common factor of r and 16.
16
Suppose i + 2*r - 61 = 0, 0 = 4*i + i - 4*r - 235. What is the highest common factor of 34 and i?
17
Let y(a) = -a**3 - 6*a**2 + 4*a + 7. Let z be y(-7). What is the greatest common factor of z and 14?
14
Suppose 0 = -h + 5*p + 139, -4*h + 628 = p + 3*p. Suppose 0*k - 3*k + 42 = 0. What is the greatest common factor of k and h?
14
Suppose 4*p = -4*q + 236, q - 4*p + 3*p - 67 = 0. What is the greatest common factor of 7 and q?
7
Let c = 0 + 27. What is the highest common divisor of c and 18?
9
Suppose -11*k + 6*k + 110 = 4*f, -4*k + 3*f + 88 = 0. What is the greatest common factor of k and 176?
22
Let y = -62 + 112. What is the greatest common factor of y and 50?
50
Suppose 39 = 4*v - 9. Calculate the highest common divisor of 4 and v.
4
Suppose -4